{"id":8,"date":"2024-06-01T18:12:42","date_gmt":"2024-06-01T16:12:42","guid":{"rendered":"https:\/\/ldmusic.fr\/?page_id=8"},"modified":"2024-06-27T23:42:53","modified_gmt":"2024-06-27T21:42:53","slug":"actualites","status":"publish","type":"page","link":"https:\/\/ldmusic.fr\/index.php\/actualites\/","title":{"rendered":"Actualit\u00e9s"},"content":{"rendered":"<ul class=\"wp-block-latest-posts__list has-dates wp-block-latest-posts\"><li><a class=\"wp-block-latest-posts__post-title\" href=\"https:\/\/ldmusic.fr\/index.php\/2024\/07\/12\/fete-nationale\/\">F\u00eate nationale<\/a><time datetime=\"2024-07-12T21:49:23+02:00\" class=\"wp-block-latest-posts__post-date\">12 juillet 2024<\/time><div class=\"wp-block-latest-posts__post-full-content\"><!-- wp:paragraph -->\n<p>Ce week-end, la f\u00eate sera partout en France.<br>De mon cot\u00e9, je serai \u00e0 St Cyr en Val (45) pour l&rsquo;animation musicale et dansante des \u00ab\u00a0tables Saint-Cyriennes\u00a0\u00bb. De 22H \u00e0 1H du matin (voire plus suivant le public, je vous ferai oublier le temps pluvieux de ces derniers jours, et vous ferai danser, chanter, jouer et r\u00e9chauffer (il ne fera pas 25\u00b0 la nuit prochaine !) sur tous les styles musicaux.<\/p>\n<!-- \/wp:paragraph -->\n\n<!-- wp:paragraph -->\n<p>A demain<\/p>\n<!-- \/wp:paragraph -->\n\n<!-- wp:paragraph -->\n<p><a href=\"https:\/\/www.mairie-saintcyrenval.fr\/agenda\/les-tables-saint-cyrienne\">https:\/\/www.mairie-saintcyrenval.fr\/agenda\/les-tables-saint-cyrienne<\/a><br><br><\/p>\n<!-- \/wp:paragraph -->\n\n<!-- wp:image {\"id\":163,\"sizeSlug\":\"large\",\"linkDestination\":\"none\"} -->\n<figure class=\"wp-block-image size-large\"><img loading=\"lazy\" decoding=\"async\" width=\"724\" height=\"1024\" src=\"https:\/\/ldmusic.fr\/wp-content\/uploads\/2024\/07\/image-724x1024.png\" alt=\"\" class=\"wp-image-163\" srcset=\"https:\/\/ldmusic.fr\/wp-content\/uploads\/2024\/07\/image-724x1024.png 724w, https:\/\/ldmusic.fr\/wp-content\/uploads\/2024\/07\/image-212x300.png 212w, https:\/\/ldmusic.fr\/wp-content\/uploads\/2024\/07\/image-768x1086.png 768w, https:\/\/ldmusic.fr\/wp-content\/uploads\/2024\/07\/image-1086x1536.png 1086w, https:\/\/ldmusic.fr\/wp-content\/uploads\/2024\/07\/image-1448x2048.png 1448w, https:\/\/ldmusic.fr\/wp-content\/uploads\/2024\/07\/image.png 1810w\" sizes=\"auto, (max-width: 724px) 100vw, 724px\" \/><\/figure>\n<!-- \/wp:image --><\/div><\/li>\n<li><a class=\"wp-block-latest-posts__post-title\" href=\"https:\/\/ldmusic.fr\/index.php\/2024\/06\/27\/week-end-natation-synchronisee\/\">Week-end natation synchronis\u00e9e<\/a><time datetime=\"2024-06-27T23:34:54+02:00\" class=\"wp-block-latest-posts__post-date\">27 juin 2024<\/time><div class=\"wp-block-latest-posts__post-full-content\"><!-- wp:paragraph -->\n<p>Ce WE, direction Le Mans, enfin, sa premi\u00e8re couronne \u00e0 Coulaines exactement pour le gala annuel de natation synchronis\u00e9e des JS Coulaines.<\/p>\n<!-- \/wp:paragraph -->\n\n<!-- wp:paragraph -->\n<p>Deux jours, le vendredi soir et le samedi soir au bord de la piscine \u00e0 sonoriser la piscine et son public, mais aussi les na\u00efades via des enceintes sous-marines, ainsi que la mise en lumi\u00e8re de tout le spectacle. Le tout, sous les cam\u00e9ras en direct de Le Mans TV Sarthe.<\/p>\n<!-- \/wp:paragraph -->\n\n<!-- wp:paragraph -->\n<p>Bref, un gros WE dans une ambiance magnifique, et avec du grand spectacle.<\/p>\n<!-- \/wp:paragraph -->\n\n<!-- wp:image {\"id\":153,\"sizeSlug\":\"large\",\"linkDestination\":\"none\"} -->\n<figure class=\"wp-block-image size-large\"><img loading=\"lazy\" decoding=\"async\" width=\"1024\" height=\"379\" src=\"https:\/\/ldmusic.fr\/wp-content\/uploads\/2024\/06\/image-1024x379.png\" alt=\"\" class=\"wp-image-153\" srcset=\"https:\/\/ldmusic.fr\/wp-content\/uploads\/2024\/06\/image-1024x379.png 1024w, https:\/\/ldmusic.fr\/wp-content\/uploads\/2024\/06\/image-300x111.png 300w, https:\/\/ldmusic.fr\/wp-content\/uploads\/2024\/06\/image-768x284.png 768w, https:\/\/ldmusic.fr\/wp-content\/uploads\/2024\/06\/image-1536x569.png 1536w, https:\/\/ldmusic.fr\/wp-content\/uploads\/2024\/06\/image.png 2048w\" sizes=\"auto, (max-width: 1024px) 100vw, 1024px\" \/><\/figure>\n<!-- \/wp:image -->\n\n<!-- wp:paragraph -->\n<p><a href=\"https:\/\/www.facebook.com\/p\/Natation-synchronis%C3%A9e-Coulaines-100071933237221\">https:\/\/www.facebook.com\/p\/Natation-synchronis%C3%A9e-Coulaines-100071933237221<\/a><\/p>\n<!-- \/wp:paragraph -->\n\n<!-- wp:paragraph -->\n<p><\/p>\n<!-- \/wp:paragraph --><\/div><\/li>\n<li><a class=\"wp-block-latest-posts__post-title\" href=\"https:\/\/ldmusic.fr\/index.php\/2024\/05\/28\/bonjour-tout-le-monde\/\">Bonjour tout le monde\u00a0!<\/a><time datetime=\"2024-05-28T23:40:33+02:00\" class=\"wp-block-latest-posts__post-date\">28 mai 2024<\/time><div class=\"wp-block-latest-posts__post-full-content\"><!-- wp:paragraph -->\n<p>Le site est en cours de cr\u00e9ation&#8230;. Bref, tout n&rsquo;est pas encore au point, ni totalement aliment\u00e9.<br>Ca ne serait tarder, j&rsquo;y travaille d&rsquo;arrache pied.<br>N&rsquo;h\u00e9sitez pas \u00e0 me contacter pour en savoir plus (<a href=\"https:\/\/ldmusic.fr\/index.php\/contact\/\" data-type=\"page\" data-id=\"6\">page contact<\/a>).<\/p>\n<!-- \/wp:paragraph --><\/div><\/li>\n<\/ul>","protected":false},"excerpt":{"rendered":"","protected":false},"author":1,"featured_media":0,"parent":0,"menu_order":0,"comment_status":"closed","ping_status":"closed","template":"","meta":{"footnotes":""},"class_list":["post-8","page","type-page","status-publish","hentry"],"_links":{"self":[{"href":"https:\/\/ldmusic.fr\/index.php\/wp-json\/wp\/v2\/pages\/8","targetHints":{"allow":["GET"]}}],"collection":[{"href":"https:\/\/ldmusic.fr\/index.php\/wp-json\/wp\/v2\/pages"}],"about":[{"href":"https:\/\/ldmusic.fr\/index.php\/wp-json\/wp\/v2\/types\/page"}],"author":[{"embeddable":true,"href":"https:\/\/ldmusic.fr\/index.php\/wp-json\/wp\/v2\/users\/1"}],"replies":[{"embeddable":true,"href":"https:\/\/ldmusic.fr\/index.php\/wp-json\/wp\/v2\/comments?post=8"}],"version-history":[{"count":5,"href":"https:\/\/ldmusic.fr\/index.php\/wp-json\/wp\/v2\/pages\/8\/revisions"}],"predecessor-version":[{"id":160,"href":"https:\/\/ldmusic.fr\/index.php\/wp-json\/wp\/v2\/pages\/8\/revisions\/160"}],"wp:attachment":[{"href":"https:\/\/ldmusic.fr\/index.php\/wp-json\/wp\/v2\/media?parent=8"}],"curies":[{"name":"wp","href":"https:\/\/api.w.org\/{rel}","templated":true}]}}